1
Let i = -2213 + 2880. What is the tens digit of i?
6
Let w(i) be the second derivative of i**4/12 + 31*i**3/6 - 23*i**2/2 + 32*i. Let r(k) be the first derivative of w(k). What is the units digit of r(-13)?
5
Let b be -3 + -1 - (-7 + 0). Let l(a) = 85*a**3 + b*a**2 - 43*a**3 + 136*a**3 + 25*a**3 - 2. What is the tens digit of l(1)?
0
Suppose -2*u = 2*u + 8. Let o = u - -5. Suppose 107 = o*n - 379. What is the tens digit of n?
6
What is the units digit of -29 + 52663 - (-140)/10?
8
Suppose -4*x = -2*h + 3*h + 9, 2*h = 4*x + 42. Suppose h = 6*q - 1. What is the units digit of 708/24 - 1/q?
9
Suppose -4*j + 2*j - 3*c + 13 = 0, -5*j + 24 = -c. Suppose -956 = -j*o - 81. Suppose -10*y - o = -17*y. What is the units digit of y?
5
Let q = 23 - 16. Suppose -4 = -4*c, -2*f = -f + 4*c - q. Suppose -r = 2*o - 53, -f*o + 2*r = -3*r - 99. What is the units digit of o?
8
Suppose 4*m + 4*c - 75388 = 0, 37*c - 18835 = -m + 32*c. What is the units digit of m?
0
Let w = -62 - -67. Let y be 18 - ((-2)/w)/((-6)/(-30)). Suppose -4*f = y, 41 = c + 5*f + 2. What is the units digit of c?
4
Let a(q) = -q**2 - 17*q - 31. Let j be 14/(-4)*(-88)/154. Suppose -s - j*n = 19, 14 + 28 = -3*s - n. What is the tens digit of a(s)?
2
What is the tens digit of (3786 - 33) + -2 + 6/3?
5
What is the thousands digit of -1 - 24/(-18)*4530?
6
Suppose m + 278 = -2*r, -m + 5*m = -3*r - 1137. Let w = -166 - m. What is the hundreds digit of w?
1
Let z(m) = -5*m - 4. Let t be z(3). Let i be (-3)/6 - 2*t/4. Suppose -3*q = 2*h - 83, q + i = 4*h + 60. What is the tens digit of q?
3
Let u(p) = 66*p**2 - 149*p + 31. What is the ten thousands digit of u(27)?
4
Let r(q) = q**2 - 13*q - 7. Let h be r(13). Let t be (h - (-4 + -1)) + -1 + 1. Let g(i) = -61*i - 7. What is the hundreds digit of g(t)?
1
What is the tens digit of 7420 + -14 + 25 - -11?
4
Let p(i) = 16*i**3 - 46*i**2 - 22*i + 23. What is the ten thousands digit of p(14)?
3
Let k(o) = -o**3 + 13*o**2 - 7*o + 14. Let d be k(13). Let q be 79 + 17 + (3 - -4). Let w = q - d. What is the hundreds digit of w?
1
Let t be 24/8*((-4)/(-2) - 1). Let q(n) = -n**3 - 4*n**2 + t + 20*n - 18*n + 0*n**3. What is the units digit of q(-6)?
3
Suppose 53*t = 57*t - 2*c - 256768, 0 = 5*t + c - 320932. What is the hundreds digit of t?
1
Let c be (7 + -7)/(-1 + 0 + 2). Suppose c*x = 4*x - 4. What is the tens digit of (-2 + 3/3)*(-89)/x?
8
Let y(i) be the third derivative of -1/120*i**6 + 0*i - 5/6*i**3 - 5*i**2 - 19/60*i**5 - 37/24*i**4 + 0. What is the units digit of y(-17)?
6
Let h = -11313 + 6122. What is the tens digit of (-6)/(-2)*h/(-87)?
7
Let y(d) = 61*d**2 + 130*d + 31. What is the units digit of y(-9)?
2
Let m = -851 - -847. What is the tens digit of m/18 - 442964/(-657)?
7
What is the ten thousands digit of 20 + 9235*546/105?
4
Suppose -189 = d - 8*d. Suppose 3*a - 120 - d = 0. What is the units digit of a?
9
Let q(n) = -n + 68. Let c be q(8). What is the units digit of (-4916)/(-30) + c/450?
4
What is the hundreds digit of 6/(-27) - 2581660/(-450)*10?
3
Let d(g) = -705*g + 36. What is the tens digit of d(-10)?
8
Let k(r) = 7029*r - 3625. What is the thousands digit of k(11)?
3
Let b = -195 - -485. Let y(q) = 12*q**2 - q - 3. Let p be y(6). Let m = p - b. What is the tens digit of m?
3
Let c = -63253 + 116328. What is the thousands digit of c?
3
Let x(r) = 470*r - 1452. What is the thousands digit of x(23)?
9
Let k(t) be the third derivative of 0*t**3 + 23/12*t**4 + 0 - 9*t**2 + 0*t. What is the tens digit of k(3)?
3
Let f = -89 + 92. Suppose 2*u = f*z + 17, -5*u = 2*z - 14 - 0. What is the hundreds digit of -2 + u + -1 + 136?
1
Suppose 6*n - 36 = -6. Suppose n*m = -4*m + 72. Suppose -3*c - 2*y = -862, 0 = 4*c - m*y + 4*y - 1156. What is the hundreds digit of c?
2
Let i(b) = -b**3 - 6*b**2 - 5*b - 29. Let r be i(-6). Let o(a) = 20*a**2 - 1. What is the units digit of o(r)?
9
Suppose -104*h + 139*h - 567720 = -145*h. What is the thousands digit of h?
3
Let m be (-2*(-1)/(-2))/1 - -4. Suppose 352 = 2*c + m*k, -4*c + 885 = -3*k + 181. What is the hundreds digit of c?
1
Suppose 0 = -53*q + 52*q + 2. Let h(n) = 2 + 4 - 9*n + q - 10. What is the tens digit of h(-10)?
8
Let n(d) = 380*d**2 - 65*d - 32. What is the units digit of n(9)?
3
Let n(s) = 74*s - 64. Let c be n(41). Suppose 75*z = 84*z - c. What is the tens digit of z?
3
Let y be (-20)/(-8)*5/((-25)/(-32)). Suppose 0 = -4*j + 2*j + y. What is the tens digit of ((-38)/j)/((-6)/48)?
3
Let g(v) = 4*v**2 - 10*v - 3. Let n be g(3). Let k(q) be the third derivative of 7*q**4/6 + q**3/6 + q**2. What is the tens digit of k(n)?
8
Suppose 0 = 5*z - 2*r + 786, 2*r = -2*z + 3*z + 154. Let s = 263 + z. Suppose -4*b = -5*t + s, 0*t + 42 = 2*t + b. What is the units digit of t?
1
Let c(d) = d**3 + 7*d**2 + 4*d + 11. Suppose 58 = -52*h + 54*h. Let s = h + -34. What is the units digit of c(s)?
1
What is the ten thousands digit of 8/20 - 154*(-382)/5?
1
Suppose -2*u - 3*x = -51 + 16, 2*x = 3*u - 72. Let g = u + -3. What is the units digit of g?
9
Suppose -18330 = -5*q + 5*v, -25*q - 3698 = -26*q - 7*v. What is the tens digit of q?
7
Let x be 2*(-12)/(2 - 8). Suppose -4*k + 2*d = -4320, -x*k - 3*d = -0*k - 4300. What is the hundreds digit of k?
0
Let g(b) = -13*b**2 - 73*b + 71. Let v be g(-34). What is the tens digit of ((-21)/35)/(15/v)?
9
What is the thousands digit of 20/8*60/525 - 35243/(-7)?
5
Let x = 561 - 356. Suppose 664 - x = y + 5*t, -4*y = t - 1874. What is the hundreds digit of y?
4
Suppose 3*m = -3*s + 6429, -3110 - 7605 = -5*m + 5*s. Let c = -708 + m. What is the thousands digit of c?
1
Let y be (-4 + 2 - (1 + -3)) + -33. Let b = y - -239. Suppose -3*g - 44 + b = 0. What is the units digit of g?
4
Let a(t) = -3*t**2 - 34*t - 3. Let y be a(-14). Suppose 689 = -7*z - 1019. Let r = y - z. What is the tens digit of r?
2
Suppose 7*h + 5*p - 127069 = 0, h + 3253 - 21402 = 3*p. What is the units digit of h?
2
Suppose -73*w + 2168334 = -13*w + 3*w. What is the ten thousands digit of w?
3
Let c(v) = 2320*v**2 + 76*v + 240. What is the ten thousands digit of c(-3)?
2
Suppose -d + 2*d = 5. Suppose 0 = -d*m + 10*m - 1490. What is the units digit of m?
8
Suppose -2*v = 2*b - 10, b - 8 = -0*b - 4*v. What is the units digit of (3 - (b + -1)) + 1020?
0
Let n be -2*(-1)/((-4)/(-266)). Let z be 4 + (2856/(-6))/(-14). Suppose 37*v + n = z*v. What is the units digit of v?
3
Let m(a) = 59*a + 8. Let k(f) = 15*f. Let d(u) = -4*k(u) + m(u). Let b be 56/10 - 2/(-5). What is the units digit of d(b)?
2
Let y(q) = 3*q**2 - 11*q - 2. Let b be y(4). Let v(t) = t**2 + 2*t - 6. Let n be v(b). What is the units digit of -4 + 50 + ((-2)/n)/(-1)?
7
Suppose -6*i + 42 - 24 = 0. Suppose h + i*c - 552 = 4*c, 5*h - 2766 = -c. What is the tens digit of h?
5
Suppose 390*v = 399*v - 3042. Suppose 0 = -5*k + 4*k + 216. Let q = v - k. What is the units digit of q?
2
Let f(q) = 3*q - 8. Let d be f(4). Suppose -d*x = -20, 4*r = r + 2*x + 578. Suppose -5*l + y = -508, -2*l + 2*y + 2*y = -r. What is the hundreds digit of l?
1
Suppose 13*x - 9*x = 3*v - 80197, -x + 133608 = 5*v. What is the tens digit of v?
2
What is the ten thousands digit of (-1)/15*(-152028 - 6) + (-2)/(-5)?
1
Suppose -2*x = -2*r + 6 - 4, -5*r + 20 = 0. Suppose -x*u = 9*p - 8*p - 2659, p = 1. What is the units digit of u?
6
Suppose -307 = -6*y - 967. Let f = -106 - y. Suppose -f = 2*o, 5*z + 5*o = 1139 - 314. What is the units digit of z?
7
Let x = 98 - 96. Suppose -f + 7*n = x*n + 14, -4*n = 3*f - 53. Let q = 74 - f. What is the units digit of q?
3
Let a(f) = -8*f - 3 - 6*f + 24*f + 63*f**2. What is the hundreds digit of a(-4)?
9
Let t = -91 + 156. Let y = 18 - 12. Let d = t + y. What is the tens digit of d?
7
Let c(j) = -j**2 + j + 3. Let x be c(2). Let z be (x + -3)*(-20)/(-8). What is the tens digit of 2/z + 322/5?
6
Suppose -41*d = -33*d. Suppose -2*o + d*i = 5*i - 59, o = i + 12. What is the units digit of o?
7
What is the units digit of (-348101)/(-130)*10 - (2 + (-1 - 0))?
6
Suppose 0 = 3*r + 4*b - 21, 2*r - 22*b + 17*b = -9. Suppose 2104 = r*y + 5*p - 1396, 4663 = 4*y + 3*p. What is the tens digit of y?
6
What is the ten thousands digit of 676674/24 - 261/(-116)?
2
Let q = -776 - -1769. What is the hundreds digit of q/(-5)*10/(-3)?
6
Let g = 62 - 57. Suppose g*t - 15